4*i - 124. List the prime factors of y(1).
2, 5, 61
Suppose 0 = -16*k + 3 - 19. List the prime factors of (3/3 - k) + 6780/10.
2, 5, 17
Suppose 5*t + 2 = x, 0 = -t - 0*t. Suppose -4*n - 2*j = -23 - 41, n = -x*j + 10. List the prime factors of ((-196)/(-6))/(6/n).
2, 7
Let m(t) = 2*t**2 + 2*t + 27. Let n be m(0). Suppose -a = 15 - n. What are the prime factors of 15*((-9)/(-36) - (-161)/a)?
5, 41
Let n be 4 - (-2 + (1 - -2) + 3). Let g(m) = -2*m**2 + m + 16. Let w be g(n). Suppose -w*s = -21*s + 575. What are the prime factors of s?
5, 23
Let u = 105 + -86. Let x(t) = 96*t - 297. What are the prime factors of x(u)?
3, 509
What are the prime factors of (-28)/(-182) - (-172014)/13?
2, 827
Let i(l) = 3*l**3 - l**2 + 4*l + 23. Let h be i(-5). Let b = h + -99. Let m = b + 733. List the prime factors of m.
3, 79
Suppose -174 + 72 = 17*t. Let r(i) = 8*i**2 - 14*i - 3. What are the prime factors of r(t)?
3, 41
Suppose 160*s - 234 = 173*s. List the prime factors of (-16)/(-72) + (-29624)/s.
2, 823
Let r(m) be the third derivative of -7*m**6/360 + m**5/15 + 7*m**4/24 + 2*m**2. Let s(a) be the second derivative of r(a). List the prime factors of s(-5).
2, 3, 13
Let c(b) be the first derivative of 7*b**2 + 24*b - 193. List the prime factors of c(46).
2, 167
Let p(x) = -31*x**2 + 2*x - 36. Let d(v) = 10*v**2 - v + 12. Let c(a) = -8*d(a) - 3*p(a). Let r be c(-4). Let j = -14 + r. List the prime factors of j.
2, 3, 11
Let r(i) = i**3 + 14*i**2 + 7*i - 6. Let f = -92 - -79. Let q be r(f). Let v = 159 - q. List the prime factors of v.
3, 29
Suppose -3*i - 2*q = -35, -42 - 19 = -5*i - 4*q. Suppose -1691 - 7336 = -i*z. What are the prime factors of z?
17, 59
Suppose -14*a + 10*a + 5640 = 0. Suppose -a - 1404 = -7*x. What are the prime factors of x?
2, 3, 67
Let l be 0/(-4 - -5)*-1. Suppose 12*q - 729 - 1923 = l. List the prime factors of q.
13, 17
Let g(u) = -u**2 - 29*u - 102. Let f be g(-4). Suppose 2*m + 10 - 2 = 0. List the prime factors of 1/f + (-362)/m.
2, 3, 5
Let g = 61771 - 43178. What are the prime factors of g?
18593
Let z = 35993 + 13856. What are the prime factors of z?
79, 631
Suppose -4*j + j - 15 = 0, k - 45 = 3*j. Let v = k + -16. Let t = 35 + v. List the prime factors of t.
7
Let y(t) = t**2 + 3*t + 8. Let n be y(9). Let g = n + -58. Let b = -29 + g. List the prime factors of b.
29
Suppose 68*o = 66*o. Suppose -5*g - 3*l + 705 = o, -400 = -2*g - 3*l - 118. What are the prime factors of g?
3, 47
Let d(g) = -180*g + 27. Let h be d(-4). Let f = 1461 - h. What are the prime factors of f?
2, 3, 7, 17
Let j(p) = 7*p**2 - 184*p + 7*p**2 + 5*p**2 - 13*p**2 + 6*p**2. What are the prime factors of j(17)?
2, 5, 17
Let w = 20 - 27. Let i be ((-28)/(-12))/w + (-16)/(-3). Suppose i*o - 8 = o. What are the prime factors of o?
2
Let j(s) = -468*s - 10. Suppose -2*l = 4*c + 2*l + 20, -2*l - 8 = c. List the prime factors of j(c).
2, 463
Let d be (-2976)/(-15) - 2 - (-8)/(-20). Let y = d - -154. What are the prime factors of y?
2, 5, 7
Suppose -4*w = a - 12, -a + 3*w = w + 6. Suppose a = 5*s - 172 - 293. Let r = s - 1. What are the prime factors of r?
2, 23
Let x(u) = u**3 - 6*u**2 - 22*u + 45. Let l be x(8). List the prime factors of (-409 - -3)/((-1)/2) - l.
5, 163
Suppose 104*u - 111*u + 11032 = 0. Suppose -28*o = -32*o + u. What are the prime factors of o?
2, 197
Let b(w) = 3*w + 107. Let r be b(-35). Suppose r*o - 7*o + 4*h = -1265, 5*o + 3*h - 1300 = 0. What are the prime factors of o?
257
Suppose 3*x = -t - 53388 + 181064, -5*x + 212770 = -3*t. List the prime factors of x.
42557
Let g = -440 + 444. Suppose 0 = g*a + 4*a - 6624. List the prime factors of a.
2, 3, 23
Let j(y) = -y**2 + 5*y + 6. Let c be j(-1). Suppose 2*a = 3*a + 5*o - 29, -4*a + 2*o + 6 = c. What are the prime factors of ((a - 165) + -2)/(-1)?
163
Let f be (-3 + 1)/(-4) - (-2)/(-4). Suppose 0 = m + 4*l - 3 + 10, 2 = -2*m - 4*l. Suppose m*d - 296 - 74 = f. What are the prime factors of d?
2, 37
Let z(x) = -1990*x + 1237. What are the prime factors of z(-2)?
3, 37, 47
Let q = 82 + -114. Let y = q + 44. What are the prime factors of y?
2, 3
Let u(p) = -18*p - 350. Let n be u(-20). Suppose -n*f + 12030 = 5*f. List the prime factors of f.
2, 401
Suppose -5*c = -3*l - 10, -5*l = 33 - 8. Let a be (c/5*-2)/((-7)/(-1960)). Suppose -3*n + 2*f + 15 = -55, f + a = 5*n. What are the prime factors of n?
2, 11
Let g be 0 + 4/(0 + -4). Let y be g/(-7) - 510/42. What are the prime factors of (y/(-8))/((-3)/(-76))?
2, 19
Let r(a) = -a**3 + 30*a**2 - 17*a + 27. Let y be r(29). Let w = 987 - y. List the prime factors of w.
2, 3, 17
Suppose -2*w - 4*o + 2608 = -1928, o = -7. List the prime factors of w.
2, 7, 163
Let u(x) = 19*x**2 + 24*x + 7. Let b be u(-7). Let y = b - 374. What are the prime factors of y?
2, 3, 11
Let i(c) = -2*c**3 + 187*c**2 + 277*c + 184. What are the prime factors of i(93)?
2, 7, 353
Let h = 117 - 104. Let m = 4 - h. Let w(p) = -23*p - 24. What are the prime factors of w(m)?
3, 61
Let l(d) = d**3 + 18*d**2 + 17*d + 2. Let c be l(-17). Let q be (c/(-1))/((-22)/693). Suppose -102 = -a + q. What are the prime factors of a?
3, 5, 11
Suppose -3*i - g = 2*g - 276, 0 = -5*i + 4*g + 442. Let a(w) = 53*w + 3. Let s be a(3). Let c = s - i. What are the prime factors of c?
2, 3
Let o = -6370 - -6377. Let k(s) = 19*s + 4. Let i(p) = -19*p - 3. Let j(y) = 5*i(y) + 6*k(y). List the prime factors of j(o).
2, 71
Suppose -31*l = 22426 - 121967. What are the prime factors of l?
13, 19
Suppose -34*u - 4*j - 38 = -35*u, u + 4*j = 22. What are the prime factors of (-2)/(-3) + 3 + 9550/u?
2, 7, 23
Let x be (-3)/(-9)*-1 + (-228)/(-9). Suppose -26*h = -x*h - 96. What are the prime factors of h?
2, 3
Let u(d) = -d**3 + 25*d**2 - 5*d - 107. What are the prime factors of u(23)?
2, 11, 19
List the prime factors of (19 + 34)*(469 - -9).
2, 53, 239
Suppose 10*v - 12*v = 3*x - 17961, -2*v = -5*x + 29967. What are the prime factors of x?
3, 1997
Suppose -5*n = -102*f + 107*f - 243040, -2*n = f - 97208. List the prime factors of n.
2, 3, 5
Suppose -8*v = -3*v - v. Suppose -3*x + 31 = 2*d, -5*x + v*x = -4*d - 15. Suppose 3*k = -x*k + 1410. List the prime factors of k.
3, 47
Let j(n) = 336*n**2 - 17*n + 32. Let g be j(2). Let a = g + -945. List the prime factors of a.
397
Let d be 8/5 - 2/(-5). Let v be (-23)/((5 - 77/21)/8). Let k = d - v. What are the prime factors of k?
2, 5, 7
Suppose -2451*i + 3*y = -2447*i - 89839, 0 = -2*y + 6. What are the prime factors of i?
2, 11, 1021
Let y(m) = -2*m**2 + 4*m + 9. Let j(s) = -s**2 + 2*s + 4. Let k(v) = -9*j(v) + 4*y(v). Let b(g) = 10*g - 435. Let r be b(43). List the prime factors of k(r).
5, 7
Let c(y) = y**3 + 8*y**2 - 8*y + 1. Suppose 9*w = 3*w - w. Suppose w = -o - 5*q - 1, 29 = 7*o - 11*o + 5*q. What are the prime factors of c(o)?
11
Suppose 8*l - 14*l = 60. Let f = 40 + -34. List the prime factors of (l - 478)*(-3)/f.
2, 61
Let k be (-8)/12*(0 - 789). Let o = 97 - 93. Suppose -4*h - o*c = -428, 5*h - k = -2*c + 6*c. List the prime factors of h.
2, 53
Suppose -3*z = 2*m - 253, -m = 3*z - 2*m - 265. Let i = -87 + z. Suppose t + 8*t - 1881 = i. List the prime factors of t.
11, 19
Let b(h) = 141*h**2 - 224*h + 3057. What are the prime factors of b(16)?
35569
Let p(x) = -1363*x - 3890. List the prime factors of p(-6).
2, 67
Let o(c) = 137*c + 36. Let j be o(4). Suppose -2*w = -0*w - j. List the prime factors of w.
2, 73
Let a(l) = -l**3 + 6*l**2 + 2*l - 12. Let c be a(6). Suppose 1990 = -6*x + x - 4*h, c = 2*x + 5*h + 779. Let j = x + 588. What are the prime factors of j?
2, 3, 31
Suppose -3*p - 5*x = -14648, 10*x = 15*x + 25. What are the prime factors of p?
67, 73
Let a(s) = -3*s**2 + 79*s - 16. Let w be a(26). Suppose w*v + 404 = 2*p + 14*v, 0 = -5*p - 2*v + 1002. List the prime factors of p.
2, 5
Let z(a) = -2*a - 5 + a + 4 + 9. Let i be z(5). Suppose 5*b = 5*w - 95, 61 = i*w - 2*b - 2*b. What are the prime factors of w?
3, 5
Let r(t) be the second derivative of -t**5/20 - t**4/4 - 7*t**2/2 - 10*t. Let z(x) = -x**3 + 5*x**2 - 6*x + 3. Let w be z(4). List the prime factors of r(w).
43
Suppose -p - y + 496 = -1527, 5*y = 0. List the prime factors of p.
7, 17
Let y(f) = f**3 - f**2 + 4. Let j be y(3). Suppose -15*a - 861 = -j*a. List the prime factors of a.
3, 41
Let f b